of r(8)?
2, 3, 5
Suppose -2*y - 11 = 43. Let u = -14 - y. List the prime factors of u.
13
Let y(v) = -v**3 - 9*v**2 + 8*v + 6. Suppose -x - 11 = -1. List the prime factors of y(x).
2, 13
Let g(t) = t + 4. Let j be g(-6). Let q = j - -14. Suppose 3*s - q = 2*s. What are the prime factors of s?
2, 3
List the prime factors of (1 + 0)/(3/138).
2, 23
Let u(z) = -2*z**3 - 17*z**2 - z - 3. Let n(j) = j**3 + 6*j**2 + 1. Let k(f) = 8*n(f) + 3*u(f). List the prime factors of k(3).
17
Let m = 28 - 18. What are the prime factors of m?
2, 5
Suppose -33 - 7 = -4*h. List the prime factors of h.
2, 5
Suppose -4*g = s - 6*s + 615, 369 = 3*s + 5*g. Suppose 5 + 7 = 4*j, 5*v - 4*j - s = 0. List the prime factors of v.
3
Suppose -6*q = -3*q - 9. Suppose t - 3*o - q = 0, 3*o + 0 - 3 = -t. Suppose 3*z - 64 = -t*m - z, 0 = -2*m + 4*z + 16. What are the prime factors of m?
2
Let b(p) = -11*p**2 + 2*p + 1. Let c be b(-1). Let l be (4/(-6))/(4/c). Suppose 4*i + 7*q - 92 = l*q, 5*q - 20 = 0. List the prime factors of i.
2, 3
Let b = 69 - 44. List the prime factors of b.
5
Suppose 64*p = 61*p + 357. What are the prime factors of p?
7, 17
What are the prime factors of (-156)/14*(-2)/4*14?
2, 3, 13
Suppose -10 = -3*s - 5*d, 0*d + 40 = -4*s + 4*d. Let y be (s + 6)*(9 - 0). What are the prime factors of 117/12 - y/12?
3
Let v = 0 - -3. Suppose k + v = -9. Let d = k - -22. List the prime factors of d.
2, 5
Suppose -4*s = 3*u + 89 - 516, -u = -s + 105. Let v = -54 + s. What are the prime factors of v?
2, 13
Let w = 0 + 0. Suppose 3*x - 3*t + t - 26 = w, 0 = 4*x + 3*t - 12. Suppose b - 2*k - x = 0, -4*b + 21 = -b - 3*k. List the prime factors of b.
2
Let o(b) be the first derivative of 6*b**3 + 1. List the prime factors of o(1).
2, 3
What are the prime factors of (-2)/(-3*2/201)?
67
Let g = -55 - -95. What are the prime factors of g?
2, 5
Suppose 44 = p + 1. List the prime factors of p.
43
Let c(n) be the second derivative of n**4/12 + n**3/6 - n**2/2 - n. Let q be c(2). List the prime factors of 23/q + 3/(-5).
2
Let y be (-2)/5 + 66/15. Let a = 33 + y. List the prime factors of a.
37
Let l(t) be the first derivative of t**3/3 + 2*t**2 - 3*t - 2. Let f be (-3)/(1/(-2) + -1). List the prime factors of l(f).
3
Let z = 4 + -4. Suppose 0 = -z*p - 2*p + 10. What are the prime factors of p?
5
List the prime factors of (-28)/(-6)*11 + 5/(-15).
3, 17
Let o(a) = a**3 + 8*a**2 + 2*a - 4. Let n be o(-8). Let t = n + 35. List the prime factors of t.
3, 5
Let c(m) = -83*m**3 - 2*m**2 - 2*m. List the prime factors of c(-1).
83
Let b(a) = -a - 4. Let m be b(-6). Suppose -m*q = 2*q - 8. List the prime factors of q.
2
Let w(m) = 3*m**3 - 21*m**2 + 18*m + 19. Let p(x) = 2*x**3 - 11*x**2 + 9*x + 10. Let n(a) = -5*p(a) + 3*w(a). Let k = 11 - 20. List the prime factors of n(k).
7
Let g = 5 - 0. Suppose 0 = -5*o + 2*i + 35, 5*o + 2 = g*i + 22. List the prime factors of o.
3
Suppose -2*x - 8 = -z, -10 = 5*x - 0*x. Let h(r) = 2*r + 3. What are the prime factors of h(z)?
11
Let l(d) be the first derivative of -15*d**2/2 + 2*d - 7. List the prime factors of l(-1).
17
Let w be -24*(-2 + 5/4). Let f = w + -16. List the prime factors of f.
2
Let b(m) be the first derivative of -2*m**2 + 3*m + 4. List the prime factors of b(-6).
3
Let d = 1 - 12. Let p = 15 + d. Let c = 16 - p. List the prime factors of c.
2, 3
Let k = -33 + 15. Let g = k - -27. What are the prime factors of g?
3
Let r(o) be the second derivative of o**6/90 + o**5/120 - o**3/2 - 3*o. Let f(h) be the second derivative of r(h). What are the prime factors of f(-1)?
3
Suppose -7*l + 255 = -4*l. List the prime factors of l.
5, 17
Let x be (-4)/(-8)*(-1 + 1). Let c(y) = y + 20. Let q be c(x). What are the prime factors of 112/q + (-2)/(-5)?
2, 3
Let x be 10 + -3 - 2/1. Suppose x*y - y - 48 = 0. List the prime factors of y.
2, 3
Let p(g) = 13*g**2 + 3. List the prime factors of p(-2).
5, 11
Suppose -2*r = -0*r - 10, -u + 3*r - 10 = 0. Let h = u + -4. What are the prime factors of 8 - (2 + (h - 1))?
2, 3
Suppose -4*o + 301 = 53. List the prime factors of o.
2, 31
Suppose -2*h + 50 = -2*c - c, -147 = -5*h + 2*c. What are the prime factors of h?
31
Let w(j) = 5*j**2 - 6*j + 6. Let p(h) = -h**2 + h - 1. Let i(l) = 3*p(l) + w(l). What are the prime factors of i(3)?
2, 3
Suppose 88 + 297 = 5*u. List the prime factors of u.
7, 11
Suppose 4*x = -2*u + 48, 0 = 5*x - x - 4*u - 24. What are the prime factors of x?
2, 5
Suppose -1148 = -4*u - 3*u. List the prime factors of u.
2, 41
Suppose -o + 123 = 2*o. Let r = 78 - o. List the prime factors of r.
37
Suppose -2*t + 32 = 3*m - m, -5*t - 46 = -m. Let x = 45 - m. What are the prime factors of 12/2*x/18?
2
Suppose -a + 19 = -14. What are the prime factors of a?
3, 11
Let z(j) = j**3 + 10*j**2 - 7*j - 4. Let q = -24 + 14. Let u be z(q). List the prime factors of 450/u + 4/22.
7
Suppose -w + 4*o + 0*o = -17, -2*w + 46 = -5*o. What are the prime factors of w?
3, 11
What are the prime factors of 4/30 - (7 - (-1316)/(-30))?
37
Suppose -v + 158 = 28. What are the prime factors of v?
2, 5, 13
Let s(b) = b. Let j(c) = -c - 5. Let t(d) = j(d) - s(d). Let y be t(-4). List the prime factors of 6 + -4*1 + y.
5
Suppose 0 = 22*j - 20*j - 142. List the prime factors of j.
71
Let b(g) = g**3 + 19*g**2 - 23*g + 27. List the prime factors of b(-20).
3, 29
Let d be (1 - 1) + -1 - -42. Let a = -29 + d. What are the prime factors of a?
2, 3
Let m(n) be the second derivative of -n**4/12 + 5*n**3/3 - 3*n**2/2 - 5*n. What are the prime factors of m(7)?
2, 3
Let x(b) be the second derivative of -b**3/3 + 7*b**2/2 - 4*b. List the prime factors of x(-6).
19
Let r = 147 - -146. What are the prime factors of r?
293
Suppose 512 = 4*b - 4*w, 5*b - 373 = 2*w + 264. List the prime factors of b.
127
Suppose 50 = -u + 175. Suppose 6*t - u = 3*t - h, -27 = -t - 4*h. List the prime factors of t.
43
Suppose 0 = -4*y - 3*z - 0*z + 27, 0 = -4*y + 2*z + 42. Let k(b) = b**2 + 5*b + 9. Let h be k(-6). Suppose y = 4*n - h. List the prime factors of n.
2, 3
List the prime factors of ((-6)/2)/((-1)/31).
3, 31
Let p(k) = k**2 + 7*k + 8. Suppose 2*t - 4 = -o, -5*t + 2*t = -4*o - 39. List the prime factors of p(o).
2
Let u(r) = 4*r - 1. Let m be u(1). Suppose -g = -2*z - m*z - 1, 4*z = -16. Let i = 30 + g. List the prime factors of i.
11
Let f be 2/(3*(-2)/(-18)). Let b = f + -3. What are the prime factors of b?
3
Let d(r) = -r**2 - 7*r - 9. Let l be d(-6). Let k = l - -12. Suppose 5*b - 6*c = -5*c + k, 2*c = -b + 4. What are the prime factors of b?
2
Let a = 8 + -5. Let y(d) = -d**3 + 2*d**2 + 5*d - 4. Let m be y(a). Suppose -m*k = -k - 13. List the prime factors of k.
13
List the prime factors of (-2)/(1 - (-59)/(-57)).
3, 19
Suppose 12*k - 18*k = -1638. List the prime factors of k.
3, 7, 13
Let x = 25 + 8. What are the prime factors of x?
3, 11
What are the prime factors of ((-1)/(-3))/(4/216)?
2, 3
Suppose 0*h - h - 4*y = -32, 5*h + 4*y = 80. What are the prime factors of ((-3)/1)/(h/(-8))?
2
What are the prime factors of (1236/(-24))/(2/(-8))?
2, 103
Suppose 3*s = 3*w - 2*w + 32, -5*s + 30 = -w. Let m = w + 58. List the prime factors of m.
23
Let x(b) be the second derivative of -b**3/6 - b**2 - b. Let z be x(-2). Suppose -2*n + 3*h + 10 = -z*n, 3*n - 15 = 3*h. List the prime factors of n.
5
Suppose 4*u - u = 4*d, 0 = 5*d - 4*u. Suppose -3*p + 0*p + 18 = d. List the prime factors of p.
2, 3
Suppose 0 = 3*j - 5*j + 28. Suppose -40 - j = -3*d. Suppose -2*p + 0*p = -d. List the prime factors of p.
3
Let k = 0 + 0. Let h be (-1 + k)/(2/(-46)). Let d = -16 + h. List the prime factors of d.
7
Let q(l) = 4*l + 3. Let g(y) = -y. Let f(b) = -10*g(b) - 2*q(b). Let u be f(4). Suppose -3 = -s - 2*i + 3, 2*i = -u*s + 18. List the prime factors of s.
2, 3
Let g(b) = b**3 + 2*b**2 - 2*b + 1. Let l be g(-3). Let v(d) = -13*d + 3. List the prime factors of v(l).
29
Let c(x) = x**2 - 7*x + 13. What are the prime factors of c(7)?
13
Let w(f) = -4*f**3 + 2*f**2 - 2*f - 2. What are the prime factors of w(-3)?
2, 5, 13
Suppose -19 - 5 = -2*g. Let a = 22 - g. List the prime factors of a.
2, 5
Let k be 7/(-4)*(-100)/5. Suppose -2*q + 6*z - 5 = z, -3 = -4*q - 3*z. Suppose -k = -5*x - q*x. List the prime factors of x.
7
Let m = -62 + 64. Suppose 0 = -4*t + 3 + 1. Suppose m*k 